84537. Is p a multiple of 21?
True
Suppose 13*x = 16*x - 81. Let n(m) = 6 + 4*m + 9*m - x. Is 12 a factor of n(5)?
False
Suppose 6871 = 2*o - 3*k, -4*k - 17235 = -5*o - 8*k. Is o a multiple of 12?
False
Suppose 0 = 239*t - 242*t - 21, 0 = 3*k + 4*t - 90722. Is 58 a factor of k?
False
Let f(j) = 2*j**2 - 16*j + 4. Let a be f(8). Suppose 2*k - a = 0, 3*k + 1149 = c + 2*c. Is c a multiple of 55?
True
Let r(o) = 10*o**2 + 43*o + 6. Suppose -5*x - 40 = -2*q, x + 8 - 17 = -3*q. Is r(x) a multiple of 18?
True
Let b(x) = 11*x - 39. Let y be b(4). Suppose 157 + 140 = 3*l - 3*t, 4*t = -y*l + 459. Does 10 divide l?
False
Suppose t - 5 = -o, -4*o + 0 = -3*t + 15. Suppose -t*s + 2*a = -634, 515 = 4*s - 0*a + a. Is 64 a factor of s?
True
Is (1/(-3) - (-7748)/6)*882/126 a multiple of 11?
False
Suppose -10*s - 2592 = -6*s. Let n = 840 + s. Is 12 a factor of n?
True
Let o(h) = 2*h**2 + 4*h**2 + h - 2*h**2 - h**2. Let p(b) = b**3 - 11*b**2 - b + 8. Let n be p(11). Is 8 a factor of o(n)?
True
Let v = 1734 - -2986. Is v a multiple of 80?
True
Let o(y) = -2*y + 54. Let w be o(-9). Suppose -27*m + 25*m = -w. Is m a multiple of 36?
True
Let h = 448 + -439. Suppose -4*m = 2*w - 186, -3*w = -h*m + 14*m - 284. Is 6 a factor of w?
False
Suppose 10*a - 5*a = 20. Suppose -12*d + 13*d - 3*w = 19, -a*w = 4*d - 124. Is 7 a factor of d?
True
Let p be 6/(-8) - (-20)/(-80). Let j be 3/(p/2 + (-22)/(-20)). Suppose -x + 84 = b, -x - 341 = -j*x - 3*b. Does 12 divide x?
False
Suppose -5*g = 2*v + 74, 9*v = 6*v + 2*g - 130. Let y = 991 + v. Does 53 divide y?
False
Let h(d) = d**3 + 51*d**2 - 413*d - 4. Does 2 divide h(8)?
True
Let k = -64 - -64. Suppose 5*h + k*h - 50 = 0. Suppose 0 = -g - 3*c + h, 3*g - 71 = 2*c - 8. Does 19 divide g?
True
Let x(z) be the first derivative of 13*z**2/2 + z - 3. Does 48 divide x(11)?
True
Suppose -5508 = 10*z + 2*z. Let m = z - -646. Is 70 a factor of m?
False
Let c = -9227 - -10379. Does 36 divide c?
True
Does 15 divide 42/(-238) - (-599022)/153?
True
Let a = 4 - -9. Let m(g) = g**2 + 11*g + 2. Let z be m(a). Let c = z - 142. Is 29 a factor of c?
False
Suppose 2*l - 2677 = -b, -141*l - 5339 = -2*b - 140*l. Is b a multiple of 6?
False
Let b(s) = -s**3 - 11*s**2 - s + 7. Let d be -4 + 3 + -1*10. Let x be b(d). Suppose 171 = 3*k + x. Is k a multiple of 17?
True
Let o = 3612 + 4881. Is o a multiple of 62?
False
Suppose -i = m + 8 - 24, -2*m + 27 = -3*i. Suppose 0 = -4*d + 12. Suppose d*s = m, 3*s = -6*t + 9*t - 42. Is 2 a factor of t?
False
Let q(u) = -u**3 - 6*u**2 - 31*u - 263. Let h be q(-7). Suppose h*o + 3796 = 16*o. Does 7 divide o?
False
Let a(n) = -4*n**2 + 45*n + 31. Let v(z) = -6*z**2 + 90*z + 63. Let h(i) = -5*a(i) + 3*v(i). Is h(-30) a multiple of 5?
False
Let j be -5 + (-522)/(-30) - (-6)/10. Suppose 0 = 5*i + j - 98. Suppose 132 = -13*t + i*t. Is 12 a factor of t?
False
Suppose -49*l + 382915 = 131692. Is 63 a factor of l?
False
Let n(v) = 2*v**2 + 5*v - 334. Let t be n(0). Let k = 447 + t. Is 25 a factor of k?
False
Let w = 534 + -256. Suppose 0 = 4*q - q - l - 167, -w = -5*q + 2*l. Let a = 0 + q. Is 14 a factor of a?
True
Let t(m) = -6*m - 63. Let z be t(-11). Suppose z*p - 4*b - 120 = 0, 2*p + 0*p = 2*b + 80. Does 13 divide p?
False
Suppose 387799 = -127*c - 179*c + 1328443. Is c a multiple of 25?
False
Let c(a) = -6*a - 30. Let j be c(-5). Suppose 3*o + g - 1517 = -j*o, 2*o - 4*g = 988. Does 42 divide o?
True
Let g(u) = -u**3 - 9*u**2 - 5*u - 22. Let m be g(-9). Let x be (1 + m)/(17/136). Suppose 10*p - x = 4*p. Does 13 divide p?
False
Let m be -3*(-2)/4 - (-505)/202. Let k(b) = -b**3 + 4*b**2 + 2*b - 5. Let g be k(4). Suppose -5*f + g*n = -218, -n + 158 = 3*f + m*n. Is f a multiple of 6?
False
Let n(x) = 830*x**2 + 26*x + 26. Let w be n(-1). Suppose s + 4 = 0, w = 5*i + s - 751. Does 27 divide i?
False
Let j = -152 - -320. Does 17 divide ((-357)/j)/(1/(-8))?
True
Let w be 561/(-6) - (-9)/18. Let f = 86 + w. Let i(x) = 4*x**2 + 11*x - 11. Does 54 divide i(f)?
True
Let l = -300 - -121. Let x = -113 - l. Is x a multiple of 7?
False
Let z be ((-16)/(-10))/(14/35). Let o be (-29 - -5)*34/z. Let l = -115 - o. Does 13 divide l?
False
Let j be (9/(-3) + 5)*-1 - -6. Suppose i - 343 = 3*g, 0*g - 1359 = -j*i - g. Does 17 divide i?
True
Let c(f) be the second derivative of 13*f**4/2 - 11*f**3/6 + 5*f**2 + 17*f. Is c(1) a multiple of 32?
False
Let m(b) = 166*b + 133. Does 9 divide m(37)?
False
Suppose -n - 5*p + 481 = 0, -7*n + 11*n - 1988 = -4*p. Suppose -1371 - n = -9*z. Is 22 a factor of z?
False
Let g(i) = 10 - 26 + 31 + 173*i. Is g(1) a multiple of 21?
False
Let c(j) = -j**3 - 36*j**2 + 74*j - 74. Let s be c(-38). Let t = -2 + 3. Suppose -t = -m + s, -5*z - 5*m = -745. Does 26 divide z?
False
Let w(b) = -4*b**3 + 5*b**2 - 18*b + 72. Let f be w(5). Let z = -261 - f. Does 6 divide z?
True
Let j = -119 - -121. Suppose 0 = j*y - 50 - 430. Is y a multiple of 40?
True
Let d = -1048 + 1522. Is 42 a factor of d?
False
Suppose -4*x + 7*x = -k + 1203, 5*k + 1585 = 4*x. Is x a multiple of 25?
True
Suppose -216*s = -185*s - 465124. Is 11 a factor of s?
True
Is -12 - (0 - 3) - -3719 a multiple of 44?
False
Let d(f) = -63*f**3 + 12*f**2 - 6*f - 1. Does 28 divide d(-5)?
True
Suppose 4*q = -2*j + 2, 0 = -j - 3*q - q - 3. Suppose 0 = -4*g + 3*w + 100 + 87, -j*g - w + 210 = 0. Is g a multiple of 5?
False
Suppose -14*g = -4*g - 930. Suppose 5*d = 3*r + 516, -2*d + 4*r = -d - g. Is d a multiple of 21?
True
Let x be (4 - -18)*2/(-4). Let z(i) = -i**3 - 11*i**2 - 10*i - 8. Is z(x) a multiple of 34?
True
Suppose 0*h + 27*h + 1365287 = 146*h. Does 149 divide h?
True
Let y(q) = 0*q**3 + 19*q**2 - 26*q**2 - 3*q**3 + 15 - 3*q - 2*q**2. Is 33 a factor of y(-6)?
False
Does 152 divide 1*(-14)/((-70)/34835)?
False
Let t = 41 + -38. Suppose -t*i - 4*i = 259. Let x = 83 + i. Does 23 divide x?
True
Let f(v) = v**3 - 10*v**2 + 6*v - 10. Let c be ((-9)/(-27) - (-17)/3) + 1. Let m be f(c). Let t = m - -195. Is t a multiple of 8?
True
Is 3*1222/(-65)*5*(-138)/9 a multiple of 125?
False
Let q(n) = 30*n - 19. Let b(t) = -18*t + 117. Let d be b(6). Does 14 divide q(d)?
False
Let m(t) = 5*t - 37. Let f be m(9). Suppose -f*c - 3080 = -18*c. Is c a multiple of 14?
True
Suppose -17280 = -5*w - 5*y, -4641 - 5728 = -3*w - 2*y. Does 9 divide w?
False
Suppose -143*z + 1071030 = -456026 - 861759. Does 27 divide z?
False
Let z(g) = 6*g**2 + 14. Let x be ((-5)/15)/((-4)/(-528)*4). Does 9 divide z(x)?
False
Does 49 divide (-84342)/(-8) + (4 + -16)/(-48)?
False
Suppose -2*x + 322 = -4*b, -4*b - x - 221 = 104. Let h = b + 190. Does 5 divide h?
False
Let g = 3 + 0. Is (-1701)/(-3)*(-7 - (-26)/g) a multiple of 27?
True
Let i = 23 + -17. Let r = 6 - i. Suppose y = -r*y - 5*l, 2*y - 3*l - 65 = 0. Is y a multiple of 13?
False
Let x(i) = i**3 - 14*i**2 - 37*i - 59. Let a be x(33). Suppose 0 = 45*d - a + 4561. Does 30 divide d?
True
Does 49 divide (0 + -2)/((-2)/(-4)) - (-55 - 1855)?
False
Let v = -4 - 1. Suppose 2896*q = 2892*q - 3280. Is (2 + v)/(12/q) a multiple of 25?
False
Suppose -4*f = -a - 1951 + 401, f = 5*a + 378. Suppose f*k - 2055 = 385*k. Does 16 divide k?
False
Suppose 13*g - 18558 = -3543. Suppose -16*i = -11*i - g. Does 21 divide i?
True
Let z be 8 + (-6)/3 - 1/1. Suppose 7*d = -z*d. Suppose -4*a + 115 = 3*k + a, 3*k + a - 107 = d. Is 35 a factor of k?
True
Suppose -6*s - 7559 = -10*s + 5*h, 3*h = -9. Is s a multiple of 157?
False
Let a(t) = 24*t + 270. Let r be a(-28). Let y = r - -701. Is y a multiple of 2?
False
Does 57 divide (-37325 + 0)*(-96)/240?
False
Let w(c) = c**3 - 8*c**2 + 6*c - 9. Let a be w(7). Is ((-903)/(-14))/((-60)/a + -3) a multiple of 3?
False
Let h(n) = -6*n + 66. Let o(m) = m**2 - 7*m - 16. Let f be o(-2). Let c be 0/(-1)*f/2. Is h(c) a multiple of 3?
True
Let h be 2/27 + (-561)/(-81). Suppose h*j - 12*j = -3*k + 184, 4*k - 260 = 3*j. Does 68 divide k?
True
Let n(m) = -m**3 - 5*m**2 + 4*m + 10. Let d(q) = -q + 9. Let v be d(10). Let f be (7 - 1)*v - 1/1. Is 16 a factor of n(f)?
True
Is ((-51)/(3825/(-240)))/(4/690) a multiple of 4?
True
Let f be (-56)/3*99/(-6). Suppose 2*m + f = 4*m. Does 11 divide m?
True
Suppose 16*a - 171 = 5. Suppose a*s = 24 + 757. Does 3 divide s?
False
Suppose 0 = -116*u + 127*u - 689150. Is u a multiple of 154?
False
Suppose -24221 - 